Let t = s + -64. Suppose -t*i + 3 + 29 = 0. Let l(j) = -j + 8. Give l(i).
0
Let s(q) = 4*q**3 + 60*q**2 - 23*q - 32. Let z(y) = -3*y**3 - 52*y**2 + 22*y + 31. Let r(v) = -4*s(v) - 5*z(v). Calculate r(19).
-8
Let x(n) = -n**3 + n**2 + 2*n. Let l = 15 + -13. Let r be x(l). Let d(y) be the first derivative of y**3/3 + y**2/2 - y - 147. What is d(r)?
-1
Let n(c) be the first derivative of 17*c**4/4 - 4*c**3/3 + c**2 + 2*c + 1963. Calculate n(1).
17
Suppose 2 = 45*q - 44*q - 3*j, 0 = j. Let p(g) = -2*g**2 - 6*g + 9. Calculate p(q).
-11
Let g(w) be the third derivative of w**6/120 + w**5/15 - w**4/6 + w**3/2 + w**2. Let a be ((-2 - 9) + 2/2)*(-1)/(-2). Give g(a).
-2
Let p = 1 - 3. Let b(c) be the third derivative of c**7/1260 - c**6/360 - 49*c**5/30 - 33*c**2 + c. Let j(y) be the third derivative of b(y). Determine j(p).
-10
Suppose 0 = -3*f - q + 4, -5*q - 18 = -4*f + 19. Let k(g) = g + g**2 + 0*g**2 + 1 + g**f - 4*g**2 + 2*g**2. Let r(w) = -2*w - 36. Let n be r(-18). Give k(n).
1
Let c(h) = -2*h - 8. Let k be c(-5). Let v be 3/k*(-714)/(-9). Suppose -18*f + f - v = 0. Let s(u) = -u**2 - 6*u - 1. Give s(f).
-8
Suppose -w = 2*w - 21. Let i(q) = q**2 + w*q**2 - q**2 - 1 - q**2 - q. Suppose -7*r + 8*r = -2*g + 3, -5*r - g - 3 = 0. Determine i(r).
6
Suppose 2*q + i + 211 = 216, 3*q + 4*i - 15 = 0. Let h(u) = -u + 1. Let z(m) = -3*m**2 - 6*m + 4. Let d(p) = -5*h(p) + z(p). What is d(q)?
-5
Let d(o) = 86*o - 774. Let b be d(9). Let c(u) be the second derivative of b*u**4 + 0 - 1/6*u**3 + 1/4*u**5 - 20*u - 1/2*u**2. Determine c(-1).
-5
Suppose -4*d - 56 = v + 2*v, 2*d = -10. Let x be (-57)/v + 3/(-12)*-1. Suppose -x*m - 4 = -9*m. Let b(w) = -18*w - 1. Calculate b(m).
-19
Let y(h) = 155*h + 460. Let n be y(-3). Let t(g) = 9*g + 4. Let r(x) = -5*x - 3. Let b(f) = -5*r(f) - 3*t(f). Calculate b(n).
13
Let f(k) = -25948*k**2 + 51905*k**2 + 1 - 25953*k**2. Let q(g) = g**3 + 3*g**2 - 9*g + 4. Let i be q(-5). Determine f(i).
5
Let m be (0/1 - 12/(-4))*1. Let c be (3/2)/(m/6). Suppose -2*q + f = 6, -q + 4*f + 1 + c = 0. Let o(b) = -b**2 - 2*b - 2. Calculate o(q).
-10
Suppose 10*t = 3*t. Let v(m) = -m + 19 + 20 - 38 + t*m. Let d(j) = -j**3 - 5*j**2 - 5*j - 5. Let y be d(-4). Calculate v(y).
2
Suppose 0 = -5*v - 19*a + 16*a - 14, 14 = 3*v - a. Let j(k) be the third derivative of 1/3*k**3 + 0 - 9*k**v + 1/24*k**4 + 0*k. What is j(-5)?
-3
Let r(s) = -709*s**2 - 30*s + 9. Let v(p) = 6972*p**2 + 295*p - 91. Let l(h) = -59*r(h) - 6*v(h). Let i(q) = q - 4. Let u be i(4). Calculate l(u).
15
Let r(a) be the second derivative of -a**3/2 + 30*a**2 - 15256*a. What is r(22)?
-6
Let s be ((-8)/((-72)/(-27)) - 8) + 3. Let k(w) = w**3 + 10*w**2 + 11*w + 3. Determine k(s).
43
Let p(k) = 14*k**2 + 9*k - 11. Let j(w) = w**2 + w + 1. Let u(v) = -13*v**2 - 10*v + 8. Let y(x) = 2*j(x) + u(x). Let m(g) = 4*p(g) + 5*y(g). What is m(6)?
18
Suppose -8*d = -2*d - 1578. Suppose -10*o + d = -67. Suppose o = -4*z + 25. Let q(l) = -l**3 - 2*l**2 - l + 1. Determine q(z).
3
Let t(u) = 1 + 2*u - 7 - u. Suppose -462 = 3*a + 3*d, d - 3*d - 462 = 3*a. Let l = a + 154. Give t(l).
-6
Suppose 2*z = -2*t + 4, -z - 22 = -3*z + 4*t. Let p(l) = -z + 27 - 6 - 15 + 8*l. Calculate p(-3).
-23
Let h(q) be the first derivative of -q**2 - 4*q - 52227. Suppose 5*g - 11 = -3*k, -k - 5*g = -16 - 1. Determine h(k).
2
Let u(t) be the second derivative of -t**3/6 - t**2/2 + t + 258. Suppose -3*y + 1 = 7. Let n be ((-1)/2)/((-1)/y). Determine u(n).
0
Let x(a) = -415 - 5*a**2 - a + 7*a**2 + 420 + 6*a. What is x(-2)?
3
Let c be (-3)/18*(-24)/16*0. Let q(y) be the third derivative of c - 1/60*y**5 - 5/24*y**4 - 2/3*y**3 + 15*y**2 + 0*y. What is q(-3)?
2
Let p(c) = 8*c - 10. Let m(o) = 15*o - 19. Let n(d) = -6*m(d) + 11*p(d). Suppose -36*l + 31*l = b - 21, 4*l - 2*b - 28 = 0. What is n(l)?
-6
Let f(b) = 0*b**2 + 5*b**2 - 23*b**2 + 5 + 21*b**2 - 3 + b. Calculate f(2).
16
Let p = 16812 - 16808. Let i(k) = -2*k**3 + 7*k**2 - k + 22. Determine i(p).
2
Suppose -34*t = -32*t. Suppose t = -6*i + i + 130. Suppose 0 = -3*y + 16*y - i. Let d(j) = j**3 - j. Calculate d(y).
6
Let h(x) = -55*x**3 - 4*x + 54*x**3 + x + 2*x - 8*x**2 - 9. Suppose 3*j + 25 = g, j + 4*g = -3 - 1. Determine h(j).
-1
Let b(z) be the first derivative of 3*z**2 + 27*z + 404. Calculate b(-5).
-3
Let z(c) = -13*c + 85. Let y be z(5). Let d(v) = -5*v + 101. Let o be d(y). Let m(p) be the third derivative of -p**5/30 - p**4/24 + p**2. Give m(o).
-3
Suppose -4*c - 3*o = 15, 3*o = 6*o + 15. Let u be (7 - -5)/(c + 2). Let p(r) be the second derivative of -r**3/6 + 7*r**2/2 - 3*r. Give p(u).
1
Let q(f) = -f**2 - 8*f - 1. Let b(a) = 1. Let v(k) = k - 2. Let i = -45 + 44. Let y(s) = i*b(s) - v(s). Let u be y(8). Determine q(u).
6
Let t(i) = -3*i**3 + 33*i**2 + 39*i - 42. Let f be 544/952 + (-160)/(-14). Determine t(f).
-6
Let u(a) = a**3 - 8*a**2 + 6*a. Let v be 3/15 + (8 - (-186)/(-30)). Suppose -h = 2*b - 9, 0 = -15*b + 16*b + h - v. Calculate u(b).
-7
Let k(r) = 94*r + 7617. Let f be k(-81). Let n(d) = 2*d**3 - 2*d**2 - 6*d + 9. What is n(f)?
27
Let x be (-27)/(-6) + 2/(-4). Suppose 3*u + 2*m + 302 = 5*u, 5*m = 10. Let a(w) = 153*w + 1 + 146*w - 451*w + u*w. What is a(x)?
5
Let v(h) = 5*h**2 - 9*h - 6. Let g(r) = -r**2 + r + 1. Let q(o) = 4*g(o) + v(o). Let f = 2 + 1. Suppose 22 = f*p - 2*c, -8 = -5*p + 2*p - 5*c. What is q(p)?
4
Let y(i) = i**2 + i. Suppose 0 = -2*r - 5*b - 15, 6*r - 2*r - 12 = 4*b. Suppose 3*z = 4*g + 23 - r, 3*z + g - 13 = 0. Suppose 8*f - 3*f = z. Calculate y(f).
2
Let i(g) = 3*g**2 - 2*g - 3. Let k be i(-1). Let v = 149 - 138. Suppose -4*p + 3*q = v, 2*q - k = -0*q. Let u(j) = 4*j + 2. Calculate u(p).
-6
Let n(x) = 2*x + 17. Suppose 5*p = -2*q + 165, p + 5*q = -2*p + 80. Suppose -2*t = -3*b - p, 9*t = 4*t + 20. Give n(b).
-1
Let v(x) = 14*x + 15 + 12*x + 9*x - 38*x - 12. Give v(7).
-18
Let t(r) be the first derivative of 2*r**3/3 + 4*r + 86. Let v(w) = 5*w**2 - w + 14. Let x(g) = -7*t(g) + 2*v(g). Calculate x(-1).
-2
Suppose -58 = a + 2*y, 3*y - 7*y - 68 = a. Let d = -43 - a. Let r(p) = 6*p**3 + 8 - 10 - d*p**3 + 2*p**2. Give r(-2).
-2
Let k(l) = 2*l**2 - 3*l - 3. Let d = 49 + -3. Suppose -d*h = -43*h + 66. Let i = -24 - h. Determine k(i).
11
Suppose -64*z + 585 = -25*z. Let m(l) = l**2 - 17*l + 15. Determine m(z).
-15
Let j(z) = z**2 + 7*z + 4. Let w(d) = d**3 + 13*d**2 - 13*d + 29. Let s be w(-14). Let m(l) = l**2 - 16*l + 12. Let i be m(s). Let c = -9 - i. What is j(c)?
-2
Let q = 25 + -9. Suppose 25*t = q*t + 9. Let a(j) = -22*j**2 - j. Determine a(t).
-23
Let t(x) = 4*x**2 + 18*x - 2. Let k(o) = o**2 + 2*o - 1. Let w(f) = 5*k(f) - t(f). Let y = -98 + 106. Give w(y).
-3
Let b(m) = 5*m + 64. Let k be b(-12). Suppose k*r + 3 = 5*r. Suppose -r*h + 12 = -6. Let d(j) = -j**3 + 6*j**2 - 2. What is d(h)?
-2
Let a(k) be the third derivative of 0 + 0*k - 17*k**2 - 1/60*k**5 - 5/6*k**3 + 7/24*k**4. Let o be 28/6 + (-6)/(-18). What is a(o)?
5
Suppose 13*r - 5*r - 248 = 0. Let y = r + -31. Let j(t) = -5 + t + 2 + y - 6. Calculate j(0).
-9
Let r(f) = -f**3 - f**2 - 73*f - 1. Let z(m) = -m**3 + 16*m**2 - 130*m. Let q(u) = -2*r(u) + z(u). Determine q(-17).
19
Let u(c) = -c**2 - 7*c + 2. Let l(s) = 4*s**2 + 18*s - 7. Let y = -72 + 74. Let v(g) = y*l(g) + 7*u(g). Give v(11).
-22
Let t(z) be the first derivative of -1/3*z**3 + 84 + 1/4*z**4 + 8*z - 1/2*z**2. What is t(0)?
8
Let d be (0 - (5 - 12/3))*-7. Let l be (-11)/1 + d + (1 - 3). Let r(f) = f**2 + 8*f + 9. Calculate r(l).
-3
Let m(n) be the first derivative of -n**7/840 + n**6/90 - n**5/120 + 7*n**4/24 - 28*n**3/3 + n - 123. Let s(c) be the third derivative of m(c). What is s(5)?
-23
Let p(f) = 3*f**2 - 50 - 2*f**3 - 2*f + 25 + 3*f**3 + 19. Give p(-3).
0
Let v be 1 + 4 + (-1 - -1). Let l(u) = -2*u + 2. Let g(d) = -13*d + 10. Let b(q) = v*l(q) - g(q). Calculate b(-5).
-15
Let v(j) = -j + 2. Let i(h) = h - 3. Let w(z) = -6*i(z) - 7*v(z). Let p be (16/(-6) + 6)*-3*1. What is w(p)?
-6
Suppose 0 = z + 4*j + 21, 140*j + 10 = 138*j. Let u be (-1)/((-2)/4) - -14. Let x(c) = -1 + c - u*c + 2. Determine x(z).
16
Let n(l) = -9*l - 37. Let d be -8*(-5)/420 - -2*4/(-84). Give n(d).
-37
Let n(g) = -g**2 - 13*g + 82. Suppose -5*h + 14741*z - 14740*z = 85, 4*z = -2*h - 56. Give n(h).
-8
Let b = 690 - 691. Let w(p) = 29